{"id":1726,"date":"2018-10-19T10:10:07","date_gmt":"2018-10-19T08:10:07","guid":{"rendered":"http:\/\/kmr.se\/kmr3\/?page_id=1726"},"modified":"2019-01-21T09:58:47","modified_gmt":"2019-01-21T08:58:47","slug":"om-oss","status":"publish","type":"page","link":"http:\/\/kmr.se\/kmr3\/om-oss\/","title":{"rendered":"Medlemskap"},"content":{"rendered":"<p>[fusion_builder_container hundred_percent=&#8221;no&#8221; hundred_percent_height=&#8221;no&#8221; hundred_percent_height_scroll=&#8221;no&#8221; hundred_percent_height_center_content=&#8221;yes&#8221; equal_height_columns=&#8221;no&#8221; menu_anchor=&#8221;&#8221; hide_on_mobile=&#8221;small-visibility,medium-visibility,large-visibility&#8221; class=&#8221;&#8221; id=&#8221;&#8221; background_color=&#8221;&#8221; background_image=&#8221;&#8221; background_position=&#8221;center center&#8221; background_repeat=&#8221;no-repeat&#8221; fade=&#8221;no&#8221; background_parallax=&#8221;none&#8221; enable_mobile=&#8221;no&#8221; parallax_speed=&#8221;0.3&#8243; video_mp4=&#8221;&#8221; video_webm=&#8221;&#8221; video_ogv=&#8221;&#8221; video_url=&#8221;&#8221; video_aspect_ratio=&#8221;16:9&#8243; video_loop=&#8221;yes&#8221; video_mute=&#8221;yes&#8221; video_preview_image=&#8221;&#8221; border_size=&#8221;&#8221; border_color=&#8221;&#8221; border_style=&#8221;solid&#8221; margin_top=&#8221;&#8221; margin_bottom=&#8221;&#8221; padding_top=&#8221;&#8221; padding_right=&#8221;&#8221; padding_bottom=&#8221;&#8221; padding_left=&#8221;&#8221;][fusion_builder_row][fusion_builder_column type=&#8221;3_4&#8243; layout=&#8221;3_4&#8243; spacing=&#8221;&#8221; center_content=&#8221;no&#8221; link=&#8221;&#8221; target=&#8221;_self&#8221; min_height=&#8221;&#8221; hide_on_mobile=&#8221;small-visibility,medium-visibility,large-visibility&#8221; class=&#8221;&#8221; id=&#8221;&#8221; background_color=&#8221;&#8221; background_image=&#8221;&#8221; background_position=&#8221;left top&#8221; background_repeat=&#8221;no-repeat&#8221; hover_type=&#8221;none&#8221; border_size=&#8221;0&#8243; border_color=&#8221;&#8221; border_style=&#8221;solid&#8221; border_position=&#8221;all&#8221; padding_top=&#8221;&#8221; padding_right=&#8221;&#8221; padding_bottom=&#8221;&#8221; padding_left=&#8221;&#8221; margin_top=&#8221;&#8221; margin_bottom=&#8221;&#8221; animation_type=&#8221;&#8221; animation_direction=&#8221;left&#8221; animation_speed=&#8221;0.3&#8243; animation_offset=&#8221;&#8221; last=&#8221;no&#8221;][fusion_text columns=&#8221;&#8221; column_min_width=&#8221;&#8221; column_spacing=&#8221;&#8221; rule_style=&#8221;default&#8221; rule_size=&#8221;&#8221; rule_color=&#8221;&#8221; hide_on_mobile=&#8221;small-visibility,medium-visibility,large-visibility&#8221; class=&#8221;&#8221; id=&#8221;&#8221;]<\/p>\n<h1 style=\"text-align: left;\">Kyrkomusikernas Riksf\u00f6rbund &#8211; KMR<\/h1>\n<p><i>Kyrkomusikernas Riksf\u00f6rbund (KMR) \u00e4r en sammanslutning av kyrkomusiker och \u00f6vriga som gemensamt vill verka f\u00f6r kyrkomusikens fr\u00e4mjande. F\u00f6rbundets \u00e4ndam\u00e5l \u00e4r<br \/>\n&#8211; att tillvarata medlemmarnas intressen i anslutning till utbildning och anst\u00e4llning,<br \/>\n&#8211; att utveckla samarbetet och st\u00e4rka gemenskapen mellan medlemmar samt<br \/>\n&#8211; att fr\u00e4mja medlemmarnas kyrkomusikaliska kompetens.<br \/>\n<\/i><\/p>\n<p style=\"text-align: left;\"><img decoding=\"async\" class=\"size-full wp-image-1740 alignright\" src=\"http:\/\/kmr.se\/kmr3\/wp-content\/uploads\/2018\/10\/webbJOTO_J_170926_ingela_sjogren_00062.jpg\" alt=\"\" width=\"240\" height=\"160\" srcset=\"http:\/\/kmr.se\/kmr3\/wp-content\/uploads\/2018\/10\/webbJOTO_J_170926_ingela_sjogren_00062-200x133.jpg 200w, http:\/\/kmr.se\/kmr3\/wp-content\/uploads\/2018\/10\/webbJOTO_J_170926_ingela_sjogren_00062.jpg 240w\" sizes=\"(max-width: 240px) 100vw, 240px\" \/>S\u00e5 lyder \u00e4ndam\u00e5lsparagrafen i KMRs stadgar. Du \u00e4r varmt v\u00e4lkommen att vara en del i arbete och gemenskap med kyrkomusikaliska f\u00f6rtecken. Mycket g\u00e5r i Dur men vi tar oss givetvis an mollpartier och dissonanser med kyrkomusikerns\/musikens b\u00e4sta f\u00f6r \u00f6gonen. Som medlem f\u00e5r du Kyrkomusikernas Tidning en g\u00e5ng i m\u00e5naden och \u00c5rsbok med matrikel. Du kan \u00e4ven teckna f\u00f6rm\u00e5nliga medlemsf\u00f6rs\u00e4kringar via L\u00e4rarf\u00f6rs\u00e4kringar.<\/p>\n<p style=\"text-align: left;\"><i>Ingela Sj\u00f6gren,<br \/>\nf\u00f6rbundsordf\u00f6rande<\/i><\/p>\n<h2>Avgifter f\u00f6r medlemmar med kyrkomusikeranst\u00e4llning<\/h2>\n<p>Enligt ett avtal mellan KMR och L\u00e4rarf\u00f6rbundet skall medlemmar som har kyrkomusikeranst\u00e4llning anslutas till b\u00e5da f\u00f6rbunden. Avgift erl\u00e4ggs enbart till L\u00e4rarf\u00f6rbundet, som vidarebefordrar fastst\u00e4lld del av avgiften till KMR. Medlem, vars kyrkomusikeranst\u00e4llning har upph\u00f6rt, kan beh\u00e5lla sitt medlemskap genom dubbelanslutning via L\u00e4rarf\u00f6rbundet. Fr\u00e5n 1\/1 2019 g\u00e4ller f\u00f6ljande m\u00e5natliga medlemsavgifter f\u00f6r anslutning till L\u00e4rarf\u00f6rbundet<\/p>\n<p>\u2022 290 kronor \u2013 betalas av alla yrkesaktiva medlemmar som arbetar 75-100%.<br \/>\n\u2022 150 kronor \u2013 betalas av \u00f6vriga (yrkesverksamma som arbetar 74% eller l\u00e4gre, f\u00f6r\u00e4ldralediga, arbetsl\u00f6sa, sjukskrivna och tj\u00e4nstlediga utan inkomst).<\/p>\n<p>F\u00f6r dubbelanslutningen till KMR tillkommer \u00e5r 2019 35 kr\/m\u00e5nad<\/p>\n<p><a href=\"https:\/\/www.lararforbundet.se\/artiklar\/lararforbundets-medlemsavgift\">Mer information finns p\u00e5 L\u00e4rarf\u00f6rbundets hemsida.<\/a><\/p>\n<h2>Avgifter f\u00f6r medlemmar utan kyrkomusikeranst\u00e4llning<\/h2>\n<p><b>1. Frist\u00e5ende medlem<\/b> erl\u00e4gger \u00e5rsavgift 580 kr till KMRs f\u00f6rbundskassa senast 31\/1. Ny medlem erl\u00e4gger avgift fr o m m\u00e5nadsskiftet efter registreringen. L\u00e4rarf\u00f6rbundsmedlem, som haft kyrkomusikeranst\u00e4llning, kan beh\u00e5lla sitt medlemskap i KMR via L\u00e4rarf\u00f6rbundet. Annan medlem i L\u00e4rarf\u00f6rbundet \u00e4r v\u00e4lkommen som frist\u00e5ende medlem i KMR, men kan inte dubbelanslutas via L\u00e4rarf\u00f6rbundet.<\/p>\n<p><b>2. Pensionerad medlem<\/b> som kvarst\u00e5r i f\u00f6rbundet erl\u00e4gger \u00e5rsavgift 280 kr senast 31\/1. Pensionerad medlem erl\u00e4gger samma avgift \u00e4ven i samband med inkomst av kyrkomusikeranst\u00e4llning. Dubbelansluten L\u00e4rarf\u00f6rbundet\/KMR-medlem som efter pensioneringen vill kvarst\u00e5 som medlem i KMR betalar avgift direkt till KMR. Avgiften till L\u00e4rarf\u00f6rbundet ber\u00e4ttigar d\u00e5 enbart till medlemskap i det f\u00f6rbundet. Observera att den som l\u00e4mnar L\u00e4rarf\u00f6rbundet kan kvarst\u00e5 i f\u00f6rbundets gruppf\u00f6rs\u00e4kringar! Kontakta L\u00e4rarf\u00f6rs\u00e4kringar f\u00f6r n\u00e4rmare information! Fr\u00e5n 80 \u00e5rs \u00e5lder debiteras ingen avgift.<\/p>\n<p><b>3. Studerande<\/b> vid skola med kyrkomusikerutbildning betalar ingen avgift under studietiden och blir som studerandemedlem i L\u00e4rarf\u00f6rbundet utan extra kostnad \u00e4ven medlem i KMR. F\u00f6r b\u00e5de grupp B1 och B2 ovan debiteras vid utlandsadress portotill\u00e4gg med 200 kr. Vid betalning utanf\u00f6r EU:s betalsystem tillkommer expeditionsavgift: pg 50 kr\/bank 100 kr.<\/p>\n<div class=\"info\">\n<div class=\"info\">\n<div class=\"info\">\n<div>\n<div class=\"info\">\n<div>\n<div class=\"info\">\n<div class=\"info\"><\/div>\n<\/div>\n<\/div>\n<\/div>\n<\/div>\n<\/div>\n<\/div>\n<\/div>\n<p>[\/fusion_text][fusion_table fusion_table_type=&#8221;1&#8243; hide_on_mobile=&#8221;small-visibility,medium-visibility,large-visibility&#8221; class=&#8221;&#8221; id=&#8221;&#8221; animation_type=&#8221;&#8221; animation_direction=&#8221;left&#8221; animation_speed=&#8221;0.3&#8243; animation_offset=&#8221;&#8221;]<\/p>\n<div class=\"table-1\">\n<table width=\"100%\">\n<thead><\/thead>\n<tbody>\n<tr>\n<td align=\"left\">\n<h3 class=\" clicker\">Jag \u00e4r anst\u00e4lld som kyrkomusiker<\/h3>\n<\/td>\n<td align=\"left\">Som kyrkomusiker med anst\u00e4llning ska du vara medlem i L\u00e4rarf\u00f6rbundet och dubbelansluten till KMR. G\u00e5 in p\u00e5\u00a0<a href=\"http:\/\/www.lararforbundet.se\/web\/ws.nsf\/webbIndexsida?ReadForm&amp;index=575C877AB84F8CB8C125744B003F9BEB&amp;kategoriid=002C44A6\" target=\"_blank\" rel=\"noopener\">L\u00e4rarf\u00f6rbundets hemsida\u00a0<\/a>och ans\u00f6k om medlemskap. Under \u00f6vriga upplysningar skriver du att du ska vara dubbelansluten till KMR eftersom du \u00e4r kyrkomusiker.\u00a0<a href=\"http:\/\/kmr.se\/kmr3\/wp-content\/uploads\/2018\/11\/avtal_mellan_lararforbundet_och_KMR.pdf\">Avtalet mellan KMR och L\u00e4rarf\u00f6rbundet kan du l\u00e4sa h\u00e4r<\/a>.<\/p>\n<p>Skicka samtidigt ett mail till\u00a0<a href=\"mailto:register@kmr.se\">register@kmr.se\u00a0<\/a>med dina personuppgifter s\u00e5 kan vi bevaka att du kommer in.<\/td>\n<\/tr>\n<tr>\n<td align=\"left\">\n<h2 class=\" clicker\">Jag studerar kyrkomusik<\/h2>\n<\/td>\n<td align=\"left\">Som studerande inom kyrkomusikomr\u00e5det ska du vara medlem i L\u00e4rarf\u00f6rbundet och dubbelansluten till KMR. G\u00e5 g\u00e5 in p\u00e5\u00a0<a href=\"http:\/\/www.lararforbundet.se\/web\/ws.nsf\/webbIndexsida?ReadForm&amp;index=575C877AB84F8CB8C125744B003F9BEB&amp;kategoriid=002C44A6\" target=\"_blank\" rel=\"noopener\">L\u00e4rarf\u00f6rbundets hemsida<\/a>\u00a0och ans\u00f6k om medlemskap. Under \u00f6vriga upplysningar skriver du att du ska vara dubbelansluten till KMR eftersom du studerar kyrkomusik.\u00a0<a href=\"http:\/\/kmr.se\/kmr3\/wp-content\/uploads\/2018\/11\/avtal_mellan_lararforbundet_och_KMR.pdf\">Avtalet mellan KMR och L\u00e4rarf\u00f6rbundet kan du l\u00e4sa h\u00e4r<\/a>.<\/p>\n<p>Skicka samtidigt ett mail till\u00a0<a href=\"mailto:register@kmr.se\">register@kmr.se<\/a> med dina personuppgifter s\u00e5 kan vi bevaka att du kommer in.<\/td>\n<\/tr>\n<tr>\n<td align=\"left\">\n<h2 class=\" clicker\">Jag studerar kyrkomusik och \u00e4r anst\u00e4lld som kyrkomusiker\u00a025% eller mindre<\/h2>\n<\/td>\n<td align=\"left\">\n<div class=\"info\">\n<div class=\"subinfo\">\n<p>Som studerande och kyrkomusiker med anst\u00e4llning 25% eller mindre ska du vara medlem i L\u00e4rarf\u00f6rbundet och dubbelansluten till KMR. Du ska anm\u00e4la dig som studerande. G\u00e5 in p\u00e5\u00a0<a href=\"http:\/\/www.lararforbundet.se\/web\/ws.nsf\/webbIndexsida?ReadForm&amp;index=575C877AB84F8CB8C125744B003F9BEB&amp;kategoriid=002C44A6\" target=\"_blank\" rel=\"noopener\">L\u00e4rarf\u00f6rbundets hemsida<\/a> och ans\u00f6k om medlemskap. Under \u00f6vrigt skriver du att du ska vara dubbelansluten till KMR eftersom du studerar kyrkomusik.\u00a0<a href=\"http:\/\/kmr.se\/kmr3\/wp-content\/uploads\/2018\/11\/avtal_mellan_lararforbundet_och_KMR.pdf\">Avtalet mellan KMR och L\u00e4rarf\u00f6rbundet kan du l\u00e4sa h\u00e4r<\/a>.<\/p>\n<p>Skicka samtidigt ett mail till\u00a0<a href=\"mailto:register@kmr.se\">register@kmr.se<\/a> med dina personuppgifter s\u00e5 kan vi bevaka att du kommer in.<\/p>\n<\/div>\n<\/div>\n<div><\/div>\n<\/td>\n<\/tr>\n<tr>\n<td align=\"left\">\n<h2 class=\" clicker\">Jag studerar kyrkomusik och \u00e4r anst\u00e4lld som kyrkomusiker mer \u00e4n 25%<\/h2>\n<\/td>\n<td align=\"left\">\n<div class=\"subinfo\">\n<p>Som studerande och kyrkomusiker med anst\u00e4llning st\u00f6rre \u00e4n 25% ska du vara medlem i L\u00e4rarf\u00f6rbundet och dubbelansluten till KMR. Du ska ha samma medlemskap som \u00f6vriga anst\u00e4llda kyrkomusiker. G\u00e5 in p\u00e5\u00a0<a href=\"http:\/\/www.lararforbundet.se\/web\/ws.nsf\/webbIndexsida?ReadForm&amp;index=575C877AB84F8CB8C125744B003F9BEB&amp;kategoriid=002C44A6\" target=\"_blank\" rel=\"noopener\">L\u00e4rarf\u00f6rbundets hemsida<\/a> och ans\u00f6k om medlemskap. Under \u00f6vrigt skriver du att du ska vara dubbelansluten till KMR eftersom du \u00e4r kyrkomusiker.\u00a0<a href=\"http:\/\/kmr.se\/kmr3\/wp-content\/uploads\/2018\/11\/avtal_mellan_lararforbundet_och_KMR.pdf\">Avtalet mellan KMR och L\u00e4rarf\u00f6rbundet kan du l\u00e4sa h\u00e4r<\/a>.<\/p>\n<p>Skicka samtidigt ett mail till\u00a0<a href=\"mailto:register@kmr.se\">register@kmr.se<\/a> med dina personuppgifter s\u00e5 kan vi bevaka att du kommer in.<\/p>\n<\/div>\n<div><\/div>\n<\/td>\n<\/tr>\n<tr>\n<td align=\"left\">\n<h2 class=\" clicker\">Jag \u00e4r pensionerad kyrkomusiker<\/h2>\n<\/td>\n<td align=\"left\">N\u00e4r du g\u00e5r i pension upph\u00f6r kopplingen mellan medlemskapet i L\u00e4rarf\u00f6rbundet och medlemskapet i KMR. Du \u00e4r v\u00e4lkommen som pensionerad medlem i KMR och kan vara det \u00e4ven i L\u00e4rarf\u00f6rbundet. Kontakta\u00a0<a href=\"mailto:kmr@kmr.se\">kmr@kmr.se<\/a> s\u00e5 hj\u00e4lper vi till. Som pensionerad medlem i KMR har du samma r\u00e4ttigheter till f\u00f6rs\u00e4kringar genom L\u00e4rarf\u00f6rs\u00e4kringar som du haft tidigare.<\/p>\n<p><b>OBS!<\/b>Detta g\u00e4ller endast dig som \u00e4r pensionerad kyrkomusiker. \u00d6vriga pension\u00e4rer \u00e4r v\u00e4lkomna som frist\u00e5ende medlem.<\/td>\n<\/tr>\n<tr>\n<td align=\"left\">\n<h2 class=\" clicker\">Jag \u00e4r intresserad av kyrkomusik och vill bli frist\u00e5ende medlem<\/h2>\n<\/td>\n<td align=\"left\">\u00c4r du intresserad av kyrkomusik men sysslar med annat till vardags \u00e4r du v\u00e4lkommen som frist\u00e5ende medlem. Det kostar 570:-\/\u00e5r och d\u00e5 f\u00e5r du Kyrkomusikernas Tidning varje m\u00e5nad samt \u00c5rsbok med matrikel i maj. Du kan \u00e4ven teckna f\u00f6rm\u00e5nliga f\u00f6rs\u00e4kringar genom l\u00e4rarf\u00f6rs\u00e4kringar. Skicka dina personuppgifter till\u00a0<a href=\"mailto:kmr@kmr.se\">kmr@kmr.se<\/a> s\u00e5 f\u00e5r du ett inbetalningskort.<\/td>\n<\/tr>\n<\/tbody>\n<\/table>\n<\/div>\n<p>[\/fusion_table][\/fusion_builder_column][fusion_builder_column type=&#8221;1_4&#8243; layout=&#8221;1_4&#8243; spacing=&#8221;&#8221; center_content=&#8221;no&#8221; link=&#8221;&#8221; target=&#8221;_self&#8221; min_height=&#8221;&#8221; hide_on_mobile=&#8221;small-visibility,medium-visibility,large-visibility&#8221; class=&#8221;&#8221; id=&#8221;&#8221; background_color=&#8221;&#8221; background_image=&#8221;&#8221; background_position=&#8221;left top&#8221; background_repeat=&#8221;no-repeat&#8221; hover_type=&#8221;none&#8221; border_size=&#8221;0&#8243; border_color=&#8221;&#8221; border_style=&#8221;solid&#8221; border_position=&#8221;all&#8221; padding_top=&#8221;&#8221; padding_right=&#8221;&#8221; padding_bottom=&#8221;&#8221; padding_left=&#8221;&#8221; margin_top=&#8221;&#8221; margin_bottom=&#8221;&#8221; animation_type=&#8221;&#8221; animation_direction=&#8221;left&#8221; animation_speed=&#8221;0.3&#8243; animation_offset=&#8221;&#8221; last=&#8221;no&#8221;][\/fusion_builder_column][\/fusion_builder_row][\/fusion_builder_container]<\/p>\n","protected":false},"excerpt":{"rendered":"<p>[fusion_builder_container hundred_percent=&#8221;no&#8221; hundred_percent_height=&#8221;no&#8221; hundred_percent_height_scroll=&#8221;no&#8221; hundred_percent_height_center_content=&#8221;yes&#8221; equal_height_columns=&#8221;no&#8221; menu_anchor=&#8221;&#8221; hide_on_mobile=&#8221;small-visibility,medium-visibility,large-visibility&#8221; class=&#8221;&#8221; id=&#8221;&#8221; [&hellip;]<\/p>\n","protected":false},"author":1,"featured_media":0,"parent":0,"menu_order":0,"comment_status":"closed","ping_status":"closed","template":"","meta":[],"_links":{"self":[{"href":"http:\/\/kmr.se\/kmr3\/wp-json\/wp\/v2\/pages\/1726"}],"collection":[{"href":"http:\/\/kmr.se\/kmr3\/wp-json\/wp\/v2\/pages"}],"about":[{"href":"http:\/\/kmr.se\/kmr3\/wp-json\/wp\/v2\/types\/page"}],"author":[{"embeddable":true,"href":"http:\/\/kmr.se\/kmr3\/wp-json\/wp\/v2\/users\/1"}],"replies":[{"embeddable":true,"href":"http:\/\/kmr.se\/kmr3\/wp-json\/wp\/v2\/comments?post=1726"}],"version-history":[{"count":24,"href":"http:\/\/kmr.se\/kmr3\/wp-json\/wp\/v2\/pages\/1726\/revisions"}],"predecessor-version":[{"id":2117,"href":"http:\/\/kmr.se\/kmr3\/wp-json\/wp\/v2\/pages\/1726\/revisions\/2117"}],"wp:attachment":[{"href":"http:\/\/kmr.se\/kmr3\/wp-json\/wp\/v2\/media?parent=1726"}],"curies":[{"name":"wp","href":"https:\/\/api.w.org\/{rel}","templated":true}]}}