{"id":74,"date":"2017-11-29T10:19:18","date_gmt":"2017-11-29T09:19:18","guid":{"rendered":"http:\/\/kmr.se\/kmr3\/?page_id=74"},"modified":"2018-11-02T09:13:22","modified_gmt":"2018-11-02T08:13:22","slug":"annonsera-2","status":"publish","type":"page","link":"http:\/\/kmr.se\/kmr3\/annonsera-2\/","title":{"rendered":"Annonsera"},"content":{"rendered":"<p>[fusion_builder_container hundred_percent=&#8221;no&#8221; hundred_percent_height=&#8221;no&#8221; hundred_percent_height_scroll=&#8221;no&#8221; hundred_percent_height_center_content=&#8221;yes&#8221; equal_height_columns=&#8221;no&#8221; menu_anchor=&#8221;&#8221; hide_on_mobile=&#8221;small-visibility,medium-visibility,large-visibility&#8221; class=&#8221;&#8221; id=&#8221;&#8221; background_color=&#8221;&#8221; background_image=&#8221;&#8221; background_position=&#8221;center center&#8221; background_repeat=&#8221;no-repeat&#8221; fade=&#8221;no&#8221; background_parallax=&#8221;none&#8221; enable_mobile=&#8221;no&#8221; parallax_speed=&#8221;0.3&#8243; video_mp4=&#8221;&#8221; video_webm=&#8221;&#8221; video_ogv=&#8221;&#8221; video_url=&#8221;&#8221; video_aspect_ratio=&#8221;16:9&#8243; video_loop=&#8221;yes&#8221; video_mute=&#8221;yes&#8221; video_preview_image=&#8221;&#8221; border_size=&#8221;&#8221; border_color=&#8221;&#8221; border_style=&#8221;solid&#8221; margin_top=&#8221;&#8221; margin_bottom=&#8221;&#8221; padding_top=&#8221;&#8221; padding_right=&#8221;&#8221; padding_bottom=&#8221;&#8221; padding_left=&#8221;&#8221;][fusion_builder_row][fusion_builder_column type=&#8221;1_2&#8243; layout=&#8221;3_4&#8243; spacing=&#8221;&#8221; center_content=&#8221;no&#8221; link=&#8221;&#8221; target=&#8221;_self&#8221; min_height=&#8221;&#8221; hide_on_mobile=&#8221;small-visibility,medium-visibility,large-visibility&#8221; class=&#8221;&#8221; id=&#8221;&#8221; background_color=&#8221;&#8221; background_image=&#8221;&#8221; background_position=&#8221;left top&#8221; background_repeat=&#8221;no-repeat&#8221; hover_type=&#8221;none&#8221; border_size=&#8221;0&#8243; border_color=&#8221;&#8221; border_style=&#8221;solid&#8221; border_position=&#8221;all&#8221; padding=&#8221;&#8221; dimension_margin=&#8221;&#8221; animation_type=&#8221;&#8221; animation_direction=&#8221;left&#8221; animation_speed=&#8221;0.3&#8243; animation_offset=&#8221;&#8221; last=&#8221;no&#8221;][fusion_text]<\/p>\n<h1>Var vill du annonsera?<\/h1>\n<p>V\u00e4lkommen att annonsera i Kyrkomusikernas Tidning, h\u00e4r p\u00e5 kmr.se eller i v\u00e5r <a href=\"http:\/\/kmr.se\/kmr3\/index.php\/matrikel\/\">Matrikel<\/a>.<\/p>\n<p><strong>F\u00f6r att boka annons eller f\u00e5 mer upplysningar kontakta Bo Silfverberg p\u00e5 <a href=\"mailto:kmt@kmr.se\">kmt@kmr.se<\/a> eller ring 070 757 25 27.<\/strong><\/p>\n<p>Kyrkomusikernas Tidnings upplaga \u00e4r ca 3 600 ex varav 2 100 skickas till medlemmar som innehar kyrkomusikertj\u00e4nst och resten till frist\u00e5ende och pensionerade medlemmar samt prenumeranter.<\/p>\n<h3><strong>Annonser i Kyrkomusikernas Tidning<\/strong><\/h3>\n<div class=\"table-1\">\n<table width=\"100%\">\n<thead>\n<tr>\n<th align=\"left\"><strong>Typ av annons<\/strong><\/th>\n<th align=\"left\"><strong>Pris kr<\/strong><\/th>\n<\/tr>\n<\/thead>\n<tbody>\n<tr>\n<td align=\"left\">Annons 1-spalt pris per millimeter:<\/td>\n<td align=\"left\">20:-<\/td>\n<\/tr>\n<tr>\n<td align=\"left\">Kvartssida<\/td>\n<td align=\"left\">3 480:-<\/td>\n<\/tr>\n<tr>\n<td align=\"left\">Halvsida (inkl. rabatt)<\/td>\n<td align=\"left\">5 460:-<\/td>\n<\/tr>\n<tr>\n<td align=\"left\">Helsida (inkl. rabatt)<\/td>\n<td align=\"left\">9 900:-<\/td>\n<\/tr>\n<tr>\n<td align=\"left\">Bilaga<\/td>\n<td align=\"left\">S\u00e4rkild offert<\/td>\n<\/tr>\n<\/tbody>\n<\/table>\n<\/div>\n<ul>\n<li>Annons st\u00f6rre \u00e4n halvsida och upp till helsida: 30% rabatt p\u00e5 det ordinarie<br \/>\nmm-priset.<\/li>\n<li>Upprepad annons 20% rabatt fr\u00e5n andra inf\u00f6randet.<\/li>\n<li>6 annonseringstillf\u00e4llen under 12 m\u00e5nader 30% rabatt fr\u00e5n f\u00f6rsta inf\u00f6randet.<\/li>\n<li>F\u00f6r \u00f6vrig annonsering kontakta redaktionen.<\/li>\n<li>Ingen moms p\u00e5 annonser i Kyrkomusikernas Tidning.<\/li>\n<li>Kontakta <a href=\"mailto:kmt@kmr.se\">kmt@kmr.se<\/a> f\u00f6r annonsering.<\/li>\n<\/ul>\n<h3><strong>Annonsformat i Kyrkomusikernas Tidning<\/strong><\/h3>\n<div class=\"table-1\">\n<table width=\"100%\">\n<tbody>\n<tr>\n<td align=\"left\">Annons 1-spalt (bredd)<\/td>\n<td align=\"left\">57 mm<\/td>\n<\/tr>\n<tr>\n<td align=\"left\">Annons 1,5 spalt (bredd)<\/td>\n<td align=\"left\">89 mm<\/td>\n<\/tr>\n<tr>\n<td align=\"left\">Annons 2-spalt (bredd)<\/td>\n<td align=\"left\">119,5 mm<\/td>\n<\/tr>\n<tr>\n<td align=\"left\">Annons 3-spalt (bredd)<\/td>\n<td align=\"left\">182 mm<\/td>\n<\/tr>\n<tr>\n<td align=\"left\">Kvarts-sida (h\u00f6jd\/bredd)<\/td>\n<td align=\"left\">116&#215;89 mm<\/td>\n<\/tr>\n<tr>\n<td align=\"left\">Halvsida, st\u00e5ende (h\/b)<\/td>\n<td align=\"left\">238&#215;89 mm<\/td>\n<\/tr>\n<tr>\n<td align=\"left\">Halvsida, liggande (h\/b)<\/td>\n<td align=\"left\">116&#215;182 mm<\/td>\n<\/tr>\n<tr>\n<td align=\"left\">Helsida (h\/b)<\/td>\n<td align=\"left\">238&#215;182 mm<\/td>\n<\/tr>\n<\/tbody>\n<\/table>\n<\/div>\n<h3><strong>Annonser p\u00e5 kmr.se<\/strong><\/h3>\n<div class=\"table-1\">\n<table width=\"100%\">\n<thead>\n<tr>\n<th align=\"left\"><strong>Typ av annons<\/strong><\/th>\n<th align=\"left\"><strong>Pris kr<\/strong><\/th>\n<\/tr>\n<\/thead>\n<tbody>\n<tr>\n<td align=\"left\">Platsannons p\u00e5 kmr.se utan samtidig publicering i KMT<\/td>\n<td align=\"left\">2 900:- + moms<\/td>\n<\/tr>\n<tr>\n<td align=\"left\">Platsannons p\u00e5 kmr.se (som komplettering till identisk annons i KMT)<\/td>\n<td align=\"left\">900:- + moms<\/td>\n<\/tr>\n<tr>\n<td align=\"left\">Bannerannons p\u00e5 kmr.se, en m\u00e5nad (180px * 90px)<\/td>\n<td align=\"left\">2 300:- + moms<\/td>\n<\/tr>\n<tr>\n<td align=\"left\">Bannerannons p\u00e5 kmr.se, en m\u00e5nad (180px * 45px)<\/td>\n<td align=\"left\">1 500:- + moms<\/td>\n<\/tr>\n<\/tbody>\n<\/table>\n<\/div>\n<ul>\n<li>Platsannons p\u00e5 webben har enhetspris, oberoende av publiceringstid.<\/li>\n<li>Minimitid f\u00f6r bannerannons \u00e4r en m\u00e5nad.<\/li>\n<li>Bannerannonsering ut\u00f6ver minimitiden, en m\u00e5nad, r\u00e4knas i veckor, och kostar 15% av grundpriset per vecka (motsvarar 40% rabatt vid en m\u00e5nads till\u00e4ggsannonsering).<\/li>\n<li>Bannerannonser l\u00e4nkar vidare till annons\u00f6rens hemsida eller till pdf-annons.<\/li>\n<\/ul>\n<p>[\/fusion_text][\/fusion_builder_column][fusion_builder_column type=&#8221;1_4&#8243; layout=&#8221;1_4&#8243; spacing=&#8221;&#8221; center_content=&#8221;no&#8221; link=&#8221;&#8221; target=&#8221;_self&#8221; min_height=&#8221;&#8221; hide_on_mobile=&#8221;small-visibility,medium-visibility,large-visibility&#8221; class=&#8221;&#8221; id=&#8221;&#8221; background_color=&#8221;&#8221; background_image=&#8221;&#8221; background_position=&#8221;left top&#8221; background_repeat=&#8221;no-repeat&#8221; hover_type=&#8221;none&#8221; border_size=&#8221;0&#8243; border_color=&#8221;&#8221; border_style=&#8221;solid&#8221; border_position=&#8221;all&#8221; padding=&#8221;&#8221; dimension_margin=&#8221;&#8221; animation_type=&#8221;&#8221; animation_direction=&#8221;left&#8221; animation_speed=&#8221;0.3&#8243; animation_offset=&#8221;&#8221; last=&#8221;no&#8221;][\/fusion_builder_column][fusion_builder_column type=&#8221;1_4&#8243; layout=&#8221;1_4&#8243; spacing=&#8221;&#8221; center_content=&#8221;no&#8221; link=&#8221;&#8221; target=&#8221;_self&#8221; min_height=&#8221;&#8221; hide_on_mobile=&#8221;small-visibility,medium-visibility,large-visibility&#8221; class=&#8221;&#8221; id=&#8221;&#8221; background_color=&#8221;&#8221; background_image=&#8221;&#8221; background_position=&#8221;left top&#8221; background_repeat=&#8221;no-repeat&#8221; hover_type=&#8221;none&#8221; border_size=&#8221;0&#8243; border_color=&#8221;&#8221; border_style=&#8221;solid&#8221; border_position=&#8221;all&#8221; padding=&#8221;&#8221; dimension_margin=&#8221;&#8221; animation_type=&#8221;&#8221; animation_direction=&#8221;left&#8221; animation_speed=&#8221;0.3&#8243; animation_offset=&#8221;&#8221; last=&#8221;no&#8221;][\/fusion_builder_column][\/fusion_builder_row][\/fusion_builder_container]<\/p>\n","protected":false},"excerpt":{"rendered":"<p>[fusion_builder_container hundred_percent=&#8221;no&#8221; hundred_percent_height=&#8221;no&#8221; hundred_percent_height_scroll=&#8221;no&#8221; hundred_percent_height_center_content=&#8221;yes&#8221; equal_height_columns=&#8221;no&#8221; menu_anchor=&#8221;&#8221; hide_on_mobile=&#8221;small-visibility,medium-visibility,large-visibility&#8221; class=&#8221;&#8221; id=&#8221;&#8221; [&hellip;]<\/p>\n","protected":false},"author":1,"featured_media":0,"parent":0,"menu_order":0,"comment_status":"closed","ping_status":"closed","template":"","meta":[],"_links":{"self":[{"href":"http:\/\/kmr.se\/kmr3\/wp-json\/wp\/v2\/pages\/74"}],"collection":[{"href":"http:\/\/kmr.se\/kmr3\/wp-json\/wp\/v2\/pages"}],"about":[{"href":"http:\/\/kmr.se\/kmr3\/wp-json\/wp\/v2\/types\/page"}],"author":[{"embeddable":true,"href":"http:\/\/kmr.se\/kmr3\/wp-json\/wp\/v2\/users\/1"}],"replies":[{"embeddable":true,"href":"http:\/\/kmr.se\/kmr3\/wp-json\/wp\/v2\/comments?post=74"}],"version-history":[{"count":24,"href":"http:\/\/kmr.se\/kmr3\/wp-json\/wp\/v2\/pages\/74\/revisions"}],"predecessor-version":[{"id":1969,"href":"http:\/\/kmr.se\/kmr3\/wp-json\/wp\/v2\/pages\/74\/revisions\/1969"}],"wp:attachment":[{"href":"http:\/\/kmr.se\/kmr3\/wp-json\/wp\/v2\/media?parent=74"}],"curies":[{"name":"wp","href":"https:\/\/api.w.org\/{rel}","templated":true}]}}