





{"id":5,"date":"2010-12-06T13:54:37","date_gmt":"2010-12-06T13:54:37","guid":{"rendered":"http:\/\/kmr.se\/stockholm\/"},"modified":"2026-03-26T11:14:29","modified_gmt":"2026-03-26T11:14:29","slug":"foreningen","status":"publish","type":"page","link":"https:\/\/kmr.se\/stockholm\/foreningen\/","title":{"rendered":"F\u00f6reningen och stadgar"},"content":{"rendered":"<p>Organist- och kantorsf\u00f6reningen f\u00f6r Stockholms stad bildades \u00e5r 1901 d\u00e5 ett antal kyrkomusiker samlades den 18 augusti och valde den f\u00f6rsta styrelsen. Initiativtagare var Erik Ehlin, kantor i Heby f\u00f6rsamling. F\u00f6reningens f\u00f6rste ordf\u00f6rande Conrad Nordqvist, organist i Storkyrkan, valdes.<\/p>\n<p>I det f\u00f6rsta sammantr\u00e4desprotokollet kan man l\u00e4sa \u201ds\u00e5v\u00e4l kyrkomusikens fr\u00e4mjande som till h\u00e4fdandet af huvudstadens organister och kantorers s\u00e5v\u00e4l konstn\u00e4rligt-musikaliska som sociala och ekonomiska intressen\u201d. Det f\u00f6rsta ordinarie h\u00f6stm\u00f6tet h\u00f6lls den 29 september och nytillkomna ledam\u00f6ter blev bl.a. Emil Sj\u00f6gren, Alice Tegn\u00e9r och Gustaf H\u00e4gg.<\/p>\n<p>Den allm\u00e4nna svenska organistf\u00f6reningen (numera KMR) bildades straxt efter under samma \u00e5r som Stockholmsf\u00f6reningen.<\/p>\n<p>1911 bytte f\u00f6reningen namn till Stockholms kyrkomusikerf\u00f6rening och n\u00e4r Stockholms stift bildades 1942 \u00e4ndrades namnet till det nuvarande Stockholms stifts kyrkomusikerf\u00f6rening.<\/p>\n<p>F\u00f6rutom det kontinuerliga fackliga arbetet inbjuder f\u00f6reningen till medlemsm\u00f6ten.<\/p>\n<p><a href=\"http:\/\/kmr.se\/stockholm\/wp-content\/uploads\/2026\/03\/ARSMOTESPROTOKOLL-2026-SSK.pdf\">\u00c5RSM\u00d6TESPROTOKOLL 2026 SSK<\/a><\/p>\n<p><a href=\"http:\/\/kmr.se\/stockholm\/wp-content\/uploads\/2025\/03\/ARSMOTESPROTOKOLL-2025-SSK.pdf\">\u00c5RSM\u00d6TESPROTOKOLL 2025 SSK<\/a><\/p>\n<p><a href=\"http:\/\/kmr.se\/stockholm\/wp-content\/uploads\/2024\/03\/ARSMOTESPROTOKOLL-2024-SSK-1.pdf\">\u00c5RSM\u00d6TESPROTOKOLL 2024 SSK<\/a><\/p>\n<p><a href=\"http:\/\/kmr.se\/stockholm\/wp-content\/uploads\/2023\/03\/\u00c5RSM\u00d6TESPROTOKOLL-2023-SSK.pdf\">\u00c5RSM\u00d6TESPROTOKOLL 2023 SSK<\/a><\/p>\n<p><a href=\"http:\/\/kmr.se\/stockholm\/wp-content\/uploads\/2022\/03\/\u00c5RSM\u00d6TESPROTOKOLL-2022-SSK-3.pdf\">\u00c5RSM\u00d6TESPROTOKOLL 2022 SSK <\/a><\/p>\n<p><a href=\"http:\/\/kmr.se\/stockholm\/wp-content\/uploads\/2021\/03\/\u00c5rsm\u00f6tesprotokoll-2021-SSK-002.docx\">\u00c5RSM\u00d6TESPROTOKOLL 2021 SSK <\/a><\/p>\n<p><a href=\"http:\/\/kmr.se\/stockholm\/wp-content\/uploads\/2021\/03\/\u00c5RSM\u00d6TESPROTOKOLL-2020-SSK.docx\">\u00c5RSM\u00d6TESPROTOKOLL 2020 SSK<\/a><\/p>\n<p><a href=\"http:\/\/kmr.se\/stockholm\/wp-content\/uploads\/2021\/03\/\u00c5RSM\u00d6TESPROTOKOLL-SSK-2019-2.odt\">\u00c5RSM\u00d6TESPROTOKOLL 2019 SSK <\/a><\/p>\n<p><a href=\"http:\/\/kmr.se\/stockholm\/wp-content\/uploads\/2018\/04\/\u00c5RSM\u00d6TESPROTOKOLL-2018-01-25-SSK.pdf\">\u00c5RSM\u00d6TESPROTOKOLL 2018 SSK<\/a><br \/>&#8212;&#8212;&#8212;&#8212;&#8212;&#8212;&#8212;&#8212;&#8212;&#8212;&#8212;&#8212;&#8212;&#8212;&#8212;&#8212;&#8212;&#8212;&#8212;&#8212;&#8212;&#8212;&#8212;&#8212;&#8212;&#8212;&#8212;&#8212;&#8212;&#8212;&#8212;<\/p>\n<p>STADGAR<\/p>\n<p>F\u00d6R STOCKHOLMS STIFTS KYRKOMUSIKERF\u00d6RENING<\/p>\n<p>1 \u00a7 ALLM\u00c4NNA BEST\u00c4MMELSER<br \/>1 mom. F\u00f6r kyrkomusikerf\u00f6reningens verksamhet g\u00e4ller Kyrkomusikernas Riksf\u00f6rbunds stadgar samt dessa f\u00f6reningsstadgar.<br \/>2 mom. F\u00f6reningen har till uppgift att inom sitt omr\u00e5de tillvarata och fr\u00e4mja medlemmarnas intressen i kyrkomusikeranst\u00e4llningen och verka f\u00f6r anslutning till f\u00f6rbundet samt verka f\u00f6r f\u00f6rbundets syften enligt dess stadgar och efter av f\u00f6rbundets beslutande organ angivna riktlinjer.<\/p>\n<p>2 \u00a7 MEDLEMMAR<br \/>1 mom. R\u00e4tt till medlemskap i f\u00f6reningen regleras i f\u00f6rbundsstadgarna.<br \/>2 mom. Betr\u00e4ffande intr\u00e4de i f\u00f6reningen g\u00e4ller best\u00e4mmelserna i f\u00f6rbundsstadgarna.<br \/>3 mom. Medlem skall snarast till f\u00f6rbundet och kontraktsombudet anm\u00e4la s\u00e5dan stadigvarande f\u00f6r\u00e4ndring av tj\u00e4nstg\u00f6rings- och\/eller adressf\u00f6rh\u00e5llanden, som p\u00e5verkar medlemmens registrering i f\u00f6rbundet.<br \/>4 mom. Betr\u00e4ffande uttr\u00e4de, uteslutning och \u00e5terintr\u00e4de i f\u00f6reningen g\u00e4ller best\u00e4mmelserna i f\u00f6rbundsstadgarna.<\/p>\n<p>3 \u00a7 MEDLEMSAVGIFT<br \/>Medlem erl\u00e4gger medlemsavgift i den ordning som f\u00f6reskrivs i f\u00f6rbundsstadgarna.<\/p>\n<p>4 \u00a7 EKONOMI<br \/>F\u00f6reningens kostnader bestrids i f\u00f6rsta hand av medlemsavgifter f\u00f6rdelade av ombudsm\u00f6tet.<\/p>\n<p>5 \u00a7 ORGANISATION<br \/>F\u00f6reningens beslutande organ \u00e4r medlemsm\u00f6tet och d\u00e4remellan f\u00f6reningsstyrelsen, som ut\u00f6var f\u00f6reningens verksamhet.<\/p>\n<p>6 \u00a7 STYRELSE<\/p>\n<p>1 mom. Styrelsen best\u00e5r av ordf\u00f6rande, 6 \u00f6vriga ledam\u00f6ter och 4 suppleanter.<br \/>2 mom. Styrelsen v\u00e4ljs av \u00e5rsm\u00f6tet och tilltr\u00e4der omedelbart efter avslutat \u00e5rsm\u00f6te. Mandattiden omfattar f\u00f6r ordf\u00f6randen ett \u00e5r och f\u00f6r \u00f6vriga ledam\u00f6ter och suppleanter tv\u00e5 \u00e5r. Vid varje \u00e5rsm\u00f6te v\u00e4ljs halva antalet \u00f6vriga ledam\u00f6ter och suppleanter.<br \/>3 mom. Styrelsen utser inom sig vice ordf\u00f6rande, sekreterare och kass\u00f6r samt \u00f6vriga erforderliga funktion\u00e4rer. Styrelsen kan inom sig utse ett arbetsutskott.<br \/>4 mom. Styrelsen \u00e4r beslutsm\u00e4ssig, d\u00e5 minst 5 ledam\u00f6ter (2\/3) \u00e4r n\u00e4rvarande. Vid lika r\u00f6stetal g\u00e4ller den mening som bitr\u00e4ds av ordf\u00f6randen utom vid val, d\u00e5 lotten avg\u00f6r.<br \/>5 mom. Styrelsen \u00e4r gemensamt ansvarig f\u00f6r ekonomin inf\u00f6r s\u00e5v\u00e4l f\u00f6reningen som f\u00f6rbundsstyrelsen. F\u00f6reningens firma tecknas p\u00e5 s\u00e4tt som styrelsen beslutar.<br \/>6 mom. Det \u00e5ligger styrelsen<br \/>att bland kyrkomusikerna inom stiftet verka f\u00f6r anslutning till f\u00f6rbundet<br \/>att h\u00e5lla minst tv\u00e5 styrelsesammantr\u00e4den om \u00e5ret p\u00e5 tid och plats som ordf\u00f6randen best\u00e4mmer. Har ordinarie ledamot f\u00f6rhinder skall vederb\u00f6rande snarast underr\u00e4tta ordf\u00f6randen.<br \/>att kalla f\u00f6reningens medlemmar till m\u00f6ten<br \/>att ombes\u00f6rja de fr\u00e5n f\u00f6rbundsstyrelsen uts\u00e4nda \u00e4rendenas behandling i beh\u00f6rig tid<br \/>att senast 20 januari till f\u00f6reningens revisorer i avslutat skick \u00f6verl\u00e4mna r\u00e4kenskaperna f\u00f6r f\u00f6reg\u00e5ende kalender\u00e5r<br \/>att till f\u00f6rbundsstyrelsen f\u00f6re den 1 april ins\u00e4nda resultat- och balansr\u00e4kning, samt verksamhetsber\u00e4ttelse f\u00f6r f\u00f6reg\u00e5ende \u00e5r.<br \/>att vid vakans under p\u00e5g\u00e5ende mandatperiod utse ers\u00e4ttare f\u00f6r stiftsombud resp. nytt kontraktsombud f\u00f6r resten av mandatperioden<br \/>att s\u00f6ka samarbete med \u00f6vriga kyrkomusikorganisationer och samverkande fackf\u00f6rbunds regionala och lokala organ i stiftet<br \/>att i \u00f6vrigt l\u00e4mna f\u00f6rbundsstyrelsen alla underr\u00e4ttelser, som kan vara av betydelse f\u00f6r f\u00f6rbundets verksamhet.<\/p>\n<p>7 \u00a7 M\u00d6TEN<br \/>1 mom. F\u00f6reningen h\u00e5ller \u00e5rligen minst ett medlemsm\u00f6te, i f\u00f6rekommande fall tillika \u00e5rsm\u00f6te. \u00c5rsm\u00f6tet skall h\u00e5llas senast den 31 mars<br \/>2 mom. Kallelse till medlemsm\u00f6te sker genom personlig kallelse senast 14 dagar i f\u00f6rv\u00e4g.<br \/>3 mom. Vid \u00e5rsm\u00f6te f\u00f6ljs i huvudsak f\u00f6ljande dagordning:<br \/>a) m\u00f6tets \u00f6ppnande<br \/>b) val av ordf, sekr, protokollsjusterare f\u00f6r m\u00f6tet<br \/>c) anm\u00e4lan av nya \u00e4renden och fastst\u00e4llande av dagordning<br \/>d) verksamhets- och revisionsber\u00e4ttelser, beslut om ansvarsfrihet<br \/>e) budget f\u00f6r innevarande \u00e5r j\u00e4mte fastst\u00e4llande av arvoden och ers\u00e4ttningar f\u00f6r f\u00f6reningens funktion\u00e4rer<br \/>f) val av ordf\u00f6rande, \u00f6vriga styrelseledam\u00f6ter j\u00e4mte suppleanter, revisorer j\u00e4mte suppleanter, kontraktsombud och valberedning samt i f\u00f6rekommande fall ombud till f\u00f6rbundets ombudsm\u00f6te<br \/>g) riksf\u00f6rbundets \u00e4renden, bl.a f\u00f6resl\u00e5 f\u00f6rhandlingsombud och regionalt skyddsombud som kan v\u00e4ljas av Sveriges L\u00e4rare Riksf\u00f6reningen Svenska kyrkan<br \/>h) f\u00f6reningens egna \u00e4renden<br \/>4 mom. \u00c4rende, som skall behandlas p\u00e5 medlemsm\u00f6te, b\u00f6r anm\u00e4las till styrelsen i s\u00e5 god tid att det kan finnas med i kallelsen till m\u00f6tet.<br \/>5 mom. Betr. m\u00f6tesbeslut och r\u00f6stning \u00e4ger f\u00f6rbundsstadgarnas 16 \u00a7 14-16 mom. motsvarande till\u00e4mpning.<br \/>6 mom. Extra medlemsm\u00f6te h\u00e5lls<br \/>d\u00e5 f\u00f6rbundsstyrelsen s\u00e5 beg\u00e4r<br \/>d\u00e5 styrelsen s\u00e5 beslutar<br \/>d\u00e5 minst 10% av f\u00f6reningens medlemmar l\u00e4mnar skriftligt motiverad beg\u00e4ran d\u00e4rom till styrelsen.<\/p>\n<p>8 \u00a7 F\u00d6RHANDLINGSOMBUD<br \/>F\u00f6rhandlingsombud har till uppgift att inom stiftet i samverkan med stiftsf\u00f6reningens styrelse tillvarata medlemmarnas fackliga intressen. I \u00f6vrigt g\u00e4ller f\u00f6r f\u00f6rhandlingsombud vad som f\u00f6reskrivs i 12 \u00a7 f\u00f6rbundets stadgar.<\/p>\n<p>9 \u00a7 KONTRAKTSOMBUD<br \/>Kontraktsombud har till uppgift<br \/>att inom sitt omr\u00e5de verka f\u00f6r allm\u00e4n anslutning till f\u00f6rbundet<br \/>att till f\u00f6rbundets medlemsregister kontinuerligt rapportera inom kyrkomusikerk\u00e5ren i kontraktet intr\u00e4ffade f\u00f6r\u00e4ndringar<br \/>att t ex genom anordnande av m\u00f6ten fr\u00e4mja samarbete och samh\u00f6righet mellan medlemmarna<br \/>att vara medlemmarnas representant i kyrkomusikerfr\u00e5gor i kontraktet.<\/p>\n<p>10 \u00a7 R\u00c4KENSKAPER OCH REVISION<br \/>F\u00f6reningens r\u00e4kenskaper f\u00f6ljer kalender\u00e5r.<br \/>Det \u00e5ligger de av \u00e5rsm\u00f6tet valda revisorerna att granska f\u00f6reningens r\u00e4kenskaper och f\u00f6rvaltning samt att \u00e5rligen senast en vecka f\u00f6re \u00e5rsm\u00f6tet avge ber\u00e4ttelse som skall inneh\u00e5lla f\u00f6rslag om till- eller avstyrkande av ansvarsfrihet.<\/p>\n<p>11 \u00a7 STADGE\u00c4NDRING<br \/>F\u00f6r \u00e4ndring av dessa stadgar kr\u00e4vs att beslut h\u00e4rom vid \u00e5rsm\u00f6te bitr\u00e4ds av minst tv\u00e5 tredjedelar av alla r\u00f6stber\u00e4ttigade deltagare.<\/p>\n<p>12 \u00a7 UPPL\u00d6SNING<br \/>Beslut om f\u00f6reningens uppl\u00f6sning samt anv\u00e4ndande av dess tillg\u00e5ngar fattas av f\u00f6rbundets ombudsm\u00f6te.<\/p>\n<p>Dessa stadgar \u00e4r senast \u00e4ndrade<\/p>\n<p>2002-04-12<br \/>2004-03-04<br \/>2009-02-12<br \/>2020-01-31<br \/>2024-02-02<\/p>\n\n\n\n\n\n\n\n\n\n\n\n\n\n\n<div class=\"wp-block-media-text alignwide is-stacked-on-mobile\"><figure class=\"wp-block-media-text__media\"><\/figure><div class=\"wp-block-media-text__content\">\n<p><\/p>\n<\/div><\/div>\n\n\n\n<div class=\"wp-block-media-text alignwide is-stacked-on-mobile\"><figure class=\"wp-block-media-text__media\"><\/figure><div class=\"wp-block-media-text__content\">\n<p><\/p>\n<\/div><\/div>\n\n\n","protected":false},"excerpt":{"rendered":"<p>Organist- och kantorsf\u00f6reningen f\u00f6r Stockholms stad bildades \u00e5r 1901 d\u00e5 ett antal kyrkomusiker samlades den 18 augusti och valde den f\u00f6rsta styrelsen. Initiativtagare var Erik Ehlin, kantor i Heby f\u00f6rsamling. F\u00f6reningens f\u00f6rste ordf\u00f6rande Conrad Nordqvist, organist i Storkyrkan, valdes. I det f\u00f6rsta sammantr\u00e4desprotokollet kan man l\u00e4sa \u201ds\u00e5v\u00e4l kyrkomusikens fr\u00e4mjande som till h\u00e4fdandet af huvudstadens organister [&hellip;]<\/p>\n","protected":false},"author":1,"featured_media":0,"parent":0,"menu_order":9,"comment_status":"open","ping_status":"closed","template":"","meta":{"footnotes":""},"class_list":["post-5","page","type-page","status-publish","hentry"],"_links":{"self":[{"href":"https:\/\/kmr.se\/stockholm\/wp-json\/wp\/v2\/pages\/5","targetHints":{"allow":["GET"]}}],"collection":[{"href":"https:\/\/kmr.se\/stockholm\/wp-json\/wp\/v2\/pages"}],"about":[{"href":"https:\/\/kmr.se\/stockholm\/wp-json\/wp\/v2\/types\/page"}],"author":[{"embeddable":true,"href":"https:\/\/kmr.se\/stockholm\/wp-json\/wp\/v2\/users\/1"}],"replies":[{"embeddable":true,"href":"https:\/\/kmr.se\/stockholm\/wp-json\/wp\/v2\/comments?post=5"}],"version-history":[{"count":26,"href":"https:\/\/kmr.se\/stockholm\/wp-json\/wp\/v2\/pages\/5\/revisions"}],"predecessor-version":[{"id":680,"href":"https:\/\/kmr.se\/stockholm\/wp-json\/wp\/v2\/pages\/5\/revisions\/680"}],"wp:attachment":[{"href":"https:\/\/kmr.se\/stockholm\/wp-json\/wp\/v2\/media?parent=5"}],"curies":[{"name":"wp","href":"https:\/\/api.w.org\/{rel}","templated":true}]}}