





{"id":654,"date":"2025-03-30T10:42:41","date_gmt":"2025-03-30T10:42:41","guid":{"rendered":"https:\/\/kmr.se\/stockholm\/?page_id=654"},"modified":"2026-03-26T14:12:00","modified_gmt":"2026-03-26T14:12:00","slug":"ombud","status":"publish","type":"page","link":"https:\/\/kmr.se\/stockholm\/ombud\/","title":{"rendered":"Ombud"},"content":{"rendered":"\n<h3 class=\"wp-block-heading\">F\u00f6rhandlingsombud (ny term f\u00f6r Stiftsombud)<\/h3>\n\n\n\n<h3 class=\"wp-block-heading\">F\u00f6rdelning av ombudens ansvarsomr\u00e5den enligt f\u00f6ljande:<\/h3>\n\n\n\n<p><strong>Fredric Hellgren:<\/strong><\/p>\n\n\n\n<p><em>Domkyrkokontraktet inklusive Stiftskansliet,&nbsp;<\/em>samt<\/p>\n\n\n\n<p>Liding\u00f6 f\u00f6rsamling.&nbsp;Sollentuna f\u00f6rsamling, H\u00e4sselby f\u00f6rsamling<\/p>\n\n\n\n<p><strong>\u00c5sa Schmidt:<\/strong><\/p>\n\n\n\n<p>Engelbrekts f\u00f6rsamling, Botkyrka f\u00f6rsamling och Haninge pastorat<\/p>\n\n\n\n<p><strong>Maria Bergstr\u00f6m:<\/strong><\/p>\n\n\n\n<p>Huddinge pastorat, Tyres\u00f6 f\u00f6rsamling, Br\u00e4nnkyrka f\u00f6rsamling, H\u00e4gerstens f\u00f6rsamling, Maria Magdalena f\u00f6rsamling, Katarina f\u00f6rsamling, Sofia f\u00f6rsamling, Sundbybergs f\u00f6rsamling, Vant\u00f6rs f\u00f6rsamling, Skarpn\u00e4cks f\u00f6rsamling, Farsta f\u00f6rsamling<\/p>\n\n\n\n<p><strong>Ewa Lena Kansbod:<\/strong><\/p>\n\n\n\n<p><em>Roslags kontrakt,&nbsp;<\/em>samt<\/p>\n\n\n\n<p>Eds f\u00f6rsamling, Hammarby f\u00f6rsamling, Fresta f\u00f6rsamling, J\u00e4rf\u00e4lla f\u00f6rsamling<\/p>\n\n\n\n<p><strong>Roland M\u00f6hle:<\/strong><\/p>\n\n\n\n<p><em>V\u00e4rmd\u00f6 kontrakt, Birka kontrakt,&nbsp;<\/em>samt<\/p>\n\n\n\n<p>Danderyds f\u00f6rsamling<\/p>\n\n\n\n<p><strong>Joakim Wanzelius:<\/strong><\/p>\n\n\n\n<p>V\u00e4llingby f\u00f6rsamling, Sp\u00e5nga-Kista f\u00f6rsamling, Sk\u00e4rholmens f\u00f6rsamling, H\u00f6galids f\u00f6rsamling, Hedvig Eleonora och&nbsp;Oscars f\u00f6rsamling, Solna f\u00f6rsamling, Enskede-\u00c5rsta f\u00f6rsamling<\/p>\n\n\n\n<p><strong>Regionala skyddsombud \u00e4r<\/strong><\/p>\n\n\n\n<p><strong>Ewa Lena Kansbod, \u00c5sa Schmidt, Maria Bergstr\u00f6m och Joakim Wanzelius<\/strong><\/p>\n\n\n\n<p>Regionala skyddsombud kan tr\u00e4da in n\u00e4r det lokala&nbsp;<a href=\"https:\/\/www.arbetsmiljoupplysningen.se\/Vem-gor-vad\/Skyddsombud\/\">skyddsombudet<\/a>&nbsp;beh\u00f6ver st\u00f6d eller p\u00e5 arbetsplatser&nbsp;d\u00e4r det inte finns en&nbsp;<a href=\"https:\/\/www.arbetsmiljoupplysningen.se\/Vem-gor-vad\/Skyddskommitte\/\">skyddskommitt\u00e9<\/a>.<\/p>\n\n\n\n<p>Alla ombud kan n\u00e5s via s\u00e5v\u00e4l svenskakyrkan.se&nbsp; som kmr.se (f\u00f6rnamn.efternamn alt f\u00f6rnamn.f\u00f6rnamn.efternamn)<\/p>\n\n\n\n<p>From den 1 juli 2013 ska alla kallelser och information enligt MBL fr\u00e5n f\u00f6rsamlingen skickas till L\u00e4rarf\u00f6rbundets lokalavdelning i kommunen samt till respektive stiftsombud enligt ovanst\u00e5ende f\u00f6rdelning: L\u00e4rarf\u00f6rbundet-KMR organiserar om det fackliga arbetet<\/p>\n\n\n\n<p>*************************************************************************************<\/p>\n\n\n\n<h3 class=\"wp-block-heading\">Kontraktsombud (samordnare)<\/h3>\n\n\n\n<p>Domkyrkokontraktet: Johan Hammarstr\u00f6m<br>S\u00f6dermalms kontrakt:\u00a0Benedikt Melichar<br>Br\u00e4nnkyrka kontrakt: Pelle Olofson<br>Birka kontrakt: Ligita Sneibe<br>Roslags kontrakt:\u00a0John Emanuelsson<br>V\u00e4rmd\u00f6 kontrakt:\u00a0Katja Sj\u00e4lander<br>S\u00f6dert\u00f6rns kontrakt: Mikael Fahlstedt<br>\u00d6stermalms kontrakt: Rebecka K\u00e4ll<br>Enskede kontrakt:\u00a0David \u00c5berg<br>Sp\u00e5nga kontrakt: Crescenzo Grifone<br>Sollentuna kontrakt:\u00a0Karin Krigsman J\u00e4rnskoog<br>Solna kontrakt:\u00a0Rikard Lindberg Karlsson<br>Huddinge-Botkyrka kontrakt: Sara Wager<br>\u00d6vriga anst\u00e4llda kyrkomusiker: Martin Danell<br>Pension\u00e4rer: Torgerd Riben<\/p>\n","protected":false},"excerpt":{"rendered":"<p>F\u00f6rhandlingsombud (ny term f\u00f6r Stiftsombud) F\u00f6rdelning av ombudens ansvarsomr\u00e5den enligt f\u00f6ljande: Fredric Hellgren: Domkyrkokontraktet inklusive Stiftskansliet,&nbsp;samt Liding\u00f6 f\u00f6rsamling.&nbsp;Sollentuna f\u00f6rsamling, H\u00e4sselby f\u00f6rsamling \u00c5sa Schmidt: Engelbrekts f\u00f6rsamling, Botkyrka f\u00f6rsamling och Haninge pastorat Maria Bergstr\u00f6m: Huddinge pastorat, Tyres\u00f6 f\u00f6rsamling, Br\u00e4nnkyrka f\u00f6rsamling, H\u00e4gerstens f\u00f6rsamling, Maria Magdalena f\u00f6rsamling, Katarina f\u00f6rsamling, Sofia f\u00f6rsamling, Sundbybergs f\u00f6rsamling, Vant\u00f6rs f\u00f6rsamling, Skarpn\u00e4cks f\u00f6rsamling, Farsta f\u00f6rsamling [&hellip;]<\/p>\n","protected":false},"author":1,"featured_media":0,"parent":0,"menu_order":0,"comment_status":"closed","ping_status":"closed","template":"","meta":{"footnotes":""},"class_list":["post-654","page","type-page","status-publish","hentry"],"_links":{"self":[{"href":"https:\/\/kmr.se\/stockholm\/wp-json\/wp\/v2\/pages\/654","targetHints":{"allow":["GET"]}}],"collection":[{"href":"https:\/\/kmr.se\/stockholm\/wp-json\/wp\/v2\/pages"}],"about":[{"href":"https:\/\/kmr.se\/stockholm\/wp-json\/wp\/v2\/types\/page"}],"author":[{"embeddable":true,"href":"https:\/\/kmr.se\/stockholm\/wp-json\/wp\/v2\/users\/1"}],"replies":[{"embeddable":true,"href":"https:\/\/kmr.se\/stockholm\/wp-json\/wp\/v2\/comments?post=654"}],"version-history":[{"count":7,"href":"https:\/\/kmr.se\/stockholm\/wp-json\/wp\/v2\/pages\/654\/revisions"}],"predecessor-version":[{"id":691,"href":"https:\/\/kmr.se\/stockholm\/wp-json\/wp\/v2\/pages\/654\/revisions\/691"}],"wp:attachment":[{"href":"https:\/\/kmr.se\/stockholm\/wp-json\/wp\/v2\/media?parent=654"}],"curies":[{"name":"wp","href":"https:\/\/api.w.org\/{rel}","templated":true}]}}