





{"id":29,"date":"2011-06-04T12:18:14","date_gmt":"2011-06-04T12:18:14","guid":{"rendered":"http:\/\/kmr.se\/vasteras\/?page_id=29"},"modified":"2025-04-12T12:44:38","modified_gmt":"2025-04-12T12:44:38","slug":"kontraktsombud","status":"publish","type":"page","link":"https:\/\/kmr.se\/vasteras\/kontraktsombud\/","title":{"rendered":"Kontraktsombud"},"content":{"rendered":"<p><strong>V\u00e4ster\u00e5s:<\/strong> Joakim Olsson Kruse<br \/>\n<strong>S\u00f6dra V\u00e4stmanland:<\/strong> Anna Ytterberg<br \/>\n<strong>Bergslagen:<\/strong> Marie J:son Lindh Nordenmalm<br \/>\n<strong>V\u00e4sterbergslagen:<\/strong> Linda Englund<br \/>\n<strong>Norra Dalarna:<\/strong> Ulrika Ryssmats<br \/>\n<strong>Tuna:<\/strong> Anita Sundmark<br \/>\n<strong>Falu-Nedansiljan:<\/strong> Per Walfridsson Ohls<br \/>\n<strong>Norra V\u00e4stmanland:<\/strong> Andreas Forsberg<br \/>\n<strong>Pension\u00e4rer:<\/strong> Erik Svensson<br \/>\n<strong>Frist\u00e5ende:<\/strong> Peter Resare<\/p>\n<p>VAD SKA KONTRAKTSOMBUDEN G\u00d6RA?<\/p>\n<p>Kontraktsombuden har till uppgift<br \/>\n<span style=\"color: #0000ff;\">att <\/span> inom sitt omr\u00e5de verka f\u00f6r anslutning till f\u00f6rbundet<br \/>\n<span style=\"color: #0000ff;\">att <\/span> till f\u00f6rbundskass\u00f6ren, och till f\u00f6reningens kass\u00f6r\u00a0 rapportera inom\u00a0kyrkomusikerk\u00e5ren intr\u00e4ffade f\u00f6r\u00e4ndringar<br \/>\n<span style=\"color: #0000ff;\">att <\/span> t ex genom anordnande av m\u00f6ten fr\u00e4mja samh\u00f6righet mellan kollegerna<br \/>\n<span style=\"color: #0000ff;\">att <\/span> om ej annat beslutas, s\u00e5som kyrkomusikernas\u00a0representant medverka i kyrklig verksamhet p\u00e5\u00a0 kontraktsplanet<\/p>\n","protected":false},"excerpt":{"rendered":"<p>V\u00e4ster\u00e5s: Joakim Olsson Kruse S\u00f6dra V\u00e4stmanland: Anna Ytterberg Bergslagen: Marie J:son Lindh Nordenmalm V\u00e4sterbergslagen: Linda Englund Norra Dalarna: Ulrika Ryssmats Tuna: Anita Sundmark Falu-Nedansiljan: Per Walfridsson Ohls Norra V\u00e4stmanland: Andreas Forsberg Pension\u00e4rer: Erik Svensson Frist\u00e5ende: Peter Resare VAD SKA KONTRAKTSOMBUDEN G\u00d6RA? Kontraktsombuden har till uppgift att inom sitt omr\u00e5de verka f\u00f6r anslutning till f\u00f6rbundet att [&hellip;]<\/p>\n","protected":false},"author":1,"featured_media":0,"parent":0,"menu_order":50,"comment_status":"open","ping_status":"open","template":"","meta":{"footnotes":""},"class_list":["post-29","page","type-page","status-publish","hentry"],"_links":{"self":[{"href":"https:\/\/kmr.se\/vasteras\/wp-json\/wp\/v2\/pages\/29","targetHints":{"allow":["GET"]}}],"collection":[{"href":"https:\/\/kmr.se\/vasteras\/wp-json\/wp\/v2\/pages"}],"about":[{"href":"https:\/\/kmr.se\/vasteras\/wp-json\/wp\/v2\/types\/page"}],"author":[{"embeddable":true,"href":"https:\/\/kmr.se\/vasteras\/wp-json\/wp\/v2\/users\/1"}],"replies":[{"embeddable":true,"href":"https:\/\/kmr.se\/vasteras\/wp-json\/wp\/v2\/comments?post=29"}],"version-history":[{"count":21,"href":"https:\/\/kmr.se\/vasteras\/wp-json\/wp\/v2\/pages\/29\/revisions"}],"predecessor-version":[{"id":347,"href":"https:\/\/kmr.se\/vasteras\/wp-json\/wp\/v2\/pages\/29\/revisions\/347"}],"wp:attachment":[{"href":"https:\/\/kmr.se\/vasteras\/wp-json\/wp\/v2\/media?parent=29"}],"curies":[{"name":"wp","href":"https:\/\/api.w.org\/{rel}","templated":true}]}}